{"id":13107,"date":"2017-05-22T13:54:24","date_gmt":"2017-05-22T11:54:24","guid":{"rendered":"http:\/\/ukjkkl.edu.pl\/?page_id=13107"},"modified":"2025-03-05T13:03:21","modified_gmt":"2025-03-05T12:03:21","slug":"sklad-komisji","status":"publish","type":"page","link":"https:\/\/ukjkkl.edu.pl\/?page_id=13107","title":{"rendered":"Sk\u0142ad komisji"},"content":{"rendered":"<p><div class=\"fusion-fullwidth fullwidth-box fusion-builder-row-1 nonhundred-percent-fullwidth non-hundred-percent-height-scrolling\" style=\"background-color: rgba(255,255,255,0.5);background-position: left top;background-repeat: no-repeat;padding-top:0px;padding-right:0px;padding-bottom:50px;padding-left:0px;margin-bottom: 0px;margin-top: 0px;border-width: 0px 0px 0px 0px;border-color:#eae9e9;border-style:solid;\" ><div class=\"fusion-builder-row fusion-row\"><div class=\"fusion-layout-column fusion_builder_column fusion-builder-column-0 fusion_builder_column_1_1 1_1 fusion-one-full fusion-column-first fusion-column-last fusion-column-no-min-height\" style=\"margin-top:0px;margin-bottom:0px;\"><div class=\"fusion-column-wrapper fusion-flex-column-wrapper-legacy\" style=\"background-position:left top;background-repeat:no-repeat;-webkit-background-size:cover;-moz-background-size:cover;-o-background-size:cover;background-size:cover;padding: 0px 0px 0px 0px;\"><div class=\"fusion-text fusion-text-1\"><h3 style=\"text-align: center;\">Cz\u0142onkowie Uniwersyteckiej Komisji ds. Jako\u015bci Kszta\u0142cenia na Kierunku Lekarskim w kadencji 2025-2028<\/h3>\n<\/div><div class=\"fusion-sep-clear\"><\/div><div class=\"fusion-separator\" style=\"margin-left: auto;margin-right: auto;margin-top:5px;margin-bottom:45px;width:100%;max-width:200px;\"><div class=\"fusion-separator-border sep-single sep-solid\" style=\"border-color:#e0e0e0;border-top-width:1px;\"><\/div><\/div><div class=\"fusion-sep-clear\"><\/div><div class=\"fusion-clearfix\"><\/div><\/div><\/div><\/div><\/div><div class=\"fusion-fullwidth fullwidth-box fusion-builder-row-2 nonhundred-percent-fullwidth non-hundred-percent-height-scrolling\" style=\"background-color: rgba(255,255,255,0);background-position: center center;background-repeat: no-repeat;padding-top:0px;padding-right:0px;padding-bottom:0px;padding-left:0px;margin-bottom: 0px;margin-top: 0px;border-width: 0px 0px 0px 0px;border-color:#eae9e9;border-style:solid;\" ><div class=\"fusion-builder-row fusion-row\"><div class=\"fusion-layout-column fusion_builder_column fusion-builder-column-1 fusion_builder_column_1_1 1_1 fusion-one-full fusion-column-first fusion-column-last\" style=\"margin-top:0px;margin-bottom:20px;\"><div class=\"fusion-column-wrapper fusion-flex-column-wrapper-legacy\" style=\"background-position:left top;background-repeat:no-repeat;-webkit-background-size:cover;-moz-background-size:cover;-o-background-size:cover;background-size:cover;padding: 0px 0px 0px 0px;\"><div class=\"fusion-text fusion-text-2\"><p><strong>Przewodnicz\u0105cy<\/strong><br \/>\n1. Prof. dr hab. Janusz Mory\u015b<br \/>\nPomorski Uniwersytet Medyczny w Szczecinie<br \/>\nTel. 091 466 15 43<br \/>\njmorys@pum.edu.pl<\/p>\n<p><strong>Cz\u0142onkowie<\/strong><br \/>\n2. Prof. dr hab. Piotr Kurnatowski<br \/>\nUniwersytet Medyczny w \u0141odzi<\/p>\n<p>3. Prof. Pawe\u0142 Zago\u017cd\u017con<br \/>\nGda\u0144ski Uniwersytet Medyczny<\/p>\n<p>4. Prof. dr hab. Adrian Chabowski<br \/>\nUniwersytet Medyczny w Bia\u0142ymstoku<\/p>\n<p>5. Dr hab. Marcin Wi\u015bniewski, prof. UMK<br \/>\nUniwersytet Miko\u0142aja Kopernika Collegium Medicum w Bydgoszczy<\/p>\n<p>6. Dr Grzegorz Cebula, prof. UJ<br \/>\nUniwersytet Jagiello\u0144ski Collegium Medicum w Krakowie<\/p>\n<p>7. Prof. dr hab. Agnieszka Owczarczyk-Saczonek<br \/>\nUniwersytet Warmi\u0144sko-Mazurski Collegium Medicum w Olsztynie<\/p>\n<p>8. Dr hab. Grzegorz Sta\u015bkiewicz, prof.<br \/>\nUniwersytet Medyczny w Lublinie<\/p>\n<p>9. Dr hab. Micha\u0142 Karlik<br \/>\nUniwersytet Medyczny w Poznaniu<\/p>\n<p>10. Prof. dr hab. Violetta Dziedziejko<br \/>\nPomorski Uniwersytet Medyczny<\/p>\n<p>11. Prof. dr hab. Aleksandra Kawczyk-Krupka<br \/>\n\u015al\u0105ski Uniwersytet Medyczny<\/p>\n<p>12. Prof. dr hab. Marek Kulus<br \/>\nWarszawski Uniwersytet Medyczny<\/p>\n<p>13. Prof. dr hab. Marzena Zieli\u0144ska<br \/>\nUniwersytet Medyczny we Wroc\u0142awiu<\/p>\n<p>14. Prof. dr hab. Marek Spaczy\u0144ski<br \/>\nUniwersytet Zielonog\u00f3rski<\/p>\n<p>15. Dr hab. Beata Kr\u0119cisz, prof. UJK<br \/>\nUniwersytet Jana Kochanowskiego Collegium Medicum w Kielcach<\/p>\n<p>16. Dr hab. Rafa\u0142 Podg\u00f3rski, prof. UR<br \/>\nUniwersytet Rzeszowski<\/p>\n<\/div><div class=\"fusion-clearfix\"><\/div><\/div><\/div><\/div><\/div><\/p>\n","protected":false},"excerpt":{"rendered":"","protected":false},"author":1,"featured_media":0,"parent":0,"menu_order":0,"comment_status":"closed","ping_status":"closed","template":"","meta":{"footnotes":""},"_links":{"self":[{"href":"https:\/\/ukjkkl.edu.pl\/index.php?rest_route=\/wp\/v2\/pages\/13107"}],"collection":[{"href":"https:\/\/ukjkkl.edu.pl\/index.php?rest_route=\/wp\/v2\/pages"}],"about":[{"href":"https:\/\/ukjkkl.edu.pl\/index.php?rest_route=\/wp\/v2\/types\/page"}],"author":[{"embeddable":true,"href":"https:\/\/ukjkkl.edu.pl\/index.php?rest_route=\/wp\/v2\/users\/1"}],"replies":[{"embeddable":true,"href":"https:\/\/ukjkkl.edu.pl\/index.php?rest_route=%2Fwp%2Fv2%2Fcomments&post=13107"}],"version-history":[{"count":55,"href":"https:\/\/ukjkkl.edu.pl\/index.php?rest_route=\/wp\/v2\/pages\/13107\/revisions"}],"predecessor-version":[{"id":13787,"href":"https:\/\/ukjkkl.edu.pl\/index.php?rest_route=\/wp\/v2\/pages\/13107\/revisions\/13787"}],"wp:attachment":[{"href":"https:\/\/ukjkkl.edu.pl\/index.php?rest_route=%2Fwp%2Fv2%2Fmedia&parent=13107"}],"curies":[{"name":"wp","href":"https:\/\/api.w.org\/{rel}","templated":true}]}}

Skład komisji

<p><div class="fusion-fullwidth fullwidth-box fusion-builder-row-1 nonhundred-percent-fullwidth non-hundred-percent-height-scrolling" style="background-color: rgba(255,255,255,0.5);background-position: left top;background-repeat: no-repeat;padding-top:0px;padding-right:0px;padding-bottom:50px;padding-left:0px;margin-bottom: 0px;margin-top: 0px;border-width: 0px 0px 0px 0px;border-color:#eae9e9;border-style:solid;" ><div class="fusion-builder-row fusion-row"><div class="fusion-layout-column fusion_builder_column fusion-builder-column-0 fusion_builder_column_1_1 1_1 fusion-one-full fusion-column-first fusion-column-last fusion-column-no-min-height" style="margin-top:0px;margin-bottom:0px;"><div class="fusion-column-wrapper fusion-flex-column-wrapper-legacy" style="background-position:left top;background-repeat:no-repeat;-webkit-background-size:cover;-moz-background-size:cover;-o-background-size:cover;background-size:cover;padding: 0px 0px 0px 0px;"><div class="fusion-text fusion-text-1"><h3 style="text-align: center;">Członkowie Uniwersyteckiej Komisji ds. Jakości Kształcenia na Kierunku Lekarskim w kadencji 2025-2028</h3>
</div><div class="fusion-sep-clear"></div><div class="fusion-separator" style="margin-left: auto;margin-right: auto;margin-top:5px;margin-bottom:45px;width:100%;max-width:200px;"><div class="fusion-separator-border sep-single sep-solid" style="border-color:#e0e0e0;border-top-width:1px;"></div></div><div class="fusion-sep-clear"></div><div class="fusion-clearfix"></div></div></div></div></div><div class="fusion-fullwidth fullwidth-box fusion-builder-row-2 nonhundred-percent-fullwidth non-hundred-percent-height-scrolling" style="background-color: rgba(255,255,255,0);background-position: center center;background-repeat: no-repeat;padding-top:0px;padding-right:0px;padding-bottom:0px;padding-left:0px;margin-bottom: 0px;margin-top: 0px;border-width: 0px 0px 0px 0px;border-color:#eae9e9;border-style:solid;" ><div class="fusion-builder-row fusion-row"><div class="fusion-layout-column fusion_builder_column fusion-builder-column-1 fusion_builder_column_1_1 1_1 fusion-one-full fusion-column-first fusion-column-last" style="margin-top:0px;margin-bottom:20px;"><div class="fusion-column-wrapper fusion-flex-column-wrapper-legacy" style="background-position:left top;background-repeat:no-repeat;-webkit-background-size:cover;-moz-background-size:cover;-o-background-size:cover;background-size:cover;padding: 0px 0px 0px 0px;"><div class="fusion-text fusion-text-2"><p><strong>Przewodniczący</strong><br />
1. Prof. dr hab. Janusz Moryś<br />
Pomorski Uniwersytet Medyczny w Szczecinie<br />
Tel. 091 466 15 43<br />
jmorys@pum.edu.pl</p>
<p><strong>Członkowie</strong><br />
2. Prof. dr hab. Piotr Kurnatowski<br />
Uniwersytet Medyczny w Łodzi</p>
<p>3. Prof. Paweł Zagożdżon<br />
Gdański Uniwersytet Medyczny</p>
<p>4. Prof. dr hab. Adrian Chabowski<br />
Uniwersytet Medyczny w Białymstoku</p>
<p>5. Dr hab. Marcin Wiśniewski, prof. UMK<br />
Uniwersytet Mikołaja Kopernika Collegium Medicum w Bydgoszczy</p>
<p>6. Dr Grzegorz Cebula, prof. UJ<br />
Uniwersytet Jagielloński Collegium Medicum w Krakowie</p>
<p>7. Prof. dr hab. Agnieszka Owczarczyk-Saczonek<br />
Uniwersytet Warmińsko-Mazurski Collegium Medicum w Olsztynie</p>
<p>8. Dr hab. Grzegorz Staśkiewicz, prof.<br />
Uniwersytet Medyczny w Lublinie</p>
<p>9. Dr hab. Michał Karlik<br />
Uniwersytet Medyczny w Poznaniu</p>
<p>10. Prof. dr hab. Violetta Dziedziejko<br />
Pomorski Uniwersytet Medyczny</p>
<p>11. Prof. dr hab. Aleksandra Kawczyk-Krupka<br />
Śląski Uniwersytet Medyczny</p>
<p>12. Prof. dr hab. Marek Kulus<br />
Warszawski Uniwersytet Medyczny</p>
<p>13. Prof. dr hab. Marzena Zielińska<br />
Uniwersytet Medyczny we Wrocławiu</p>
<p>14. Prof. dr hab. Marek Spaczyński<br />
Uniwersytet Zielonogórski</p>
<p>15. Dr hab. Beata Kręcisz, prof. UJK<br />
Uniwersytet Jana Kochanowskiego Collegium Medicum w Kielcach</p>
<p>16. Dr hab. Rafał Podgórski, prof. UR<br />
Uniwersytet Rzeszowski</p>
</div><div class="fusion-clearfix"></div></div></div></div></div></p>
